3 + l. Suppose 2*d + 50 = x*d. List the prime factors of d.
2, 5
Let z = 645 + 2966. List the prime factors of z.
23, 157
Suppose 2*h - 12637 - 4263 = 0. What are the prime factors of h?
2, 5, 13
Suppose -46*x - 118336 = 222*x - 1004612. List the prime factors of x.
3307
Let t(v) = -7*v + 45. Let y be t(6). Suppose 78 = -4*f - y*w + 1294, 4*f - 2*w - 1196 = 0. List the prime factors of f.
7, 43
Let v(h) = 97*h**3 + 3*h**2 + 3*h + 2. Let m be v(-2). Let i = 2646 + m. List the prime factors of i.
2, 3, 313
Suppose 111*c + 11 = 122*c. List the prime factors of c/(((-77)/11515)/(-11)).
5, 7, 47
Let z(q) = -q**3 + 30*q**2 + 47*q + 55. What are the prime factors of z(-11)?
11, 409
Suppose -5*g + 11 = -2*d - 4, 5 = -3*d + 4*g. Suppose 3*b + d*b = 16. Suppose 29 = n - b*u, u - 114 - 2 = -4*n. List the prime factors of n.
29
Let d = -108 + 118. Suppose 1729 = d*r - 3*r. What are the prime factors of r?
13, 19
Let s = -2495 - -3668. List the prime factors of s.
3, 17, 23
Let l(s) = s**3 - s**2 - 3*s + 13. Let t be l(6). Suppose 40*n - t = 14065. List the prime factors of n.
2, 89
Suppose 2*n - 25111 = 3*m + 15608, 0 = 5*m - 35. List the prime factors of n.
2, 3, 5, 7, 97
Let n(f) = f**3 - 7*f**2 - 12*f + 9. Let p be 16/6 - (-2)/(-3) - -1. Suppose 3*s - 27 = u, -5*s + 65 = -p*u + 8*u. What are the prime factors of n(s)?
3, 7
Let c = -2 - -6. Suppose -104*v - 10 = -109*v. Suppose c*i = v*i + 98. What are the prime factors of i?
7
Suppose 5*m + 160 = -0*m. Let n = 30 + m. What are the prime factors of n*239/(-7) - (-12)/(-42)?
2, 17
Let x(d) = -10040*d**3 + 2*d**2 + 6*d + 4. List the prime factors of x(-1).
2, 5, 251
Suppose 3*x - 5 - 152 = t, -2*x + t = -105. Suppose 4*a - 48 - x = 0. Let c = 87 - a. List the prime factors of c.
2, 31
Suppose -m - 3*l = -1539 - 4422, -17805 = -3*m + 4*l. What are the prime factors of m?
3, 7, 283
Suppose -64*y + 59*y = -35, 4*y = 5*b - 102787. List the prime factors of b.
20563
Suppose 80 = -5*l + 5*y - 10*y, 0 = -l + 3*y + 4. Suppose 4*c = -c + 10, -5*x + 591 = -2*c. Let j = l + x. List the prime factors of j.
2, 3
Let v be (-8851)/13 - ((-2)/(-13) - 0). Let l = 808 + v. List the prime factors of l.
127
What are the prime factors of 4/(-7) + (-1828305)/(-189) - 0?
17, 569
Let l(g) = -g**2 - 16*g - 5. Let z(t) = -t**3 + 15*t**2 - 2*t + 16. Let y be z(15). Let f be l(y). Suppose -87 = -m - f. What are the prime factors of m?
2
Let t(s) = 74*s**2 + s. Let z be t(2). Suppose 154 = 2*j - z. Suppose -7*n + j = -96. List the prime factors of n.
2, 23
Let x = -11 - -7. Let f be (-1 - 2)*4/6 - x. Suppose 0 = -f*m + 3 + 205. What are the prime factors of m?
2, 13
Let h(x) = -10*x**2 - 6*x**3 + 13 - 4*x**3 - 7*x - 2*x**3 + 9*x**3. List the prime factors of h(-7).
601
Suppose -80*k = -108*k + 800968. List the prime factors of k.
2, 14303
Let n = -61 - -67. Let p be (4 - (3 - 0)) + n. Suppose -p*u = -21*u + 1218. What are the prime factors of u?
3, 29
Suppose 7*d - 3 = 32. Suppose z - 1491 = -d*a, 9*z - 6*z = -5*a + 1483. What are the prime factors of a?
13, 23
Let k(c) = -44*c + 15501. List the prime factors of k(0).
3, 5167
Let n = -29 - -42. Let t(i) = 39*i + 39. List the prime factors of t(n).
2, 3, 7, 13
Let u be 2*-1 + -1 - (-16 + 10). Suppose 0 = -u*h + 16*h + 26. List the prime factors of 5/(-10) - (209/h - -1).
103
Suppose -b - 155967 = -4*m + 2*b, -2*m - b = -77991. List the prime factors of m.
2, 3, 67, 97
What are the prime factors of 3/(-30)*0 + 9 + 501?
2, 3, 5, 17
Let s(f) = -258*f + 130. Let h be s(-32). Suppose -h + 54218 = 34*j. List the prime factors of j.
2, 337
List the prime factors of 102929/2 - ((-330)/(-12) + -25).
2, 3, 953
Let m(f) = f**2 - 3*f + 12. Let g be m(-10). Suppose -5*t = 4*j + g, 0 = -5*j + t + 47 - 210. Let s = j + 163. List the prime factors of s.
2, 5, 13
Let o be 5/(78/12 + -4). Suppose o*s = 5*s - 15, 44 = -i - 2*s. List the prime factors of 1587/7 - (i/21)/9.
227
Suppose 33707 = 86*j - 49*j. What are the prime factors of j?
911
Let d(y) = -16*y - 30. Let u be d(-6). Suppose -71*t = -u*t - 1885. What are the prime factors of t?
13, 29
List the prime factors of (-88*(-265)/2)/(10 + -9 + 0).
2, 5, 11, 53
Suppose 9538 = 2*t + 2*b, -12*b + 19068 = 4*t - 16*b. List the prime factors of t.
2, 149
Let z be -4 - (-92 + -3) - (-12)/3. What are the prime factors of z/57*(-126)/(-5)?
2, 3, 7
Suppose -23*q - 19703 = -6*q. Let i = q - -2109. What are the prime factors of i?
2, 5, 19
Suppose 464*g = 485*g - 777588. List the prime factors of g.
2, 9257
Suppose -f - 5 = -2*f. Let q(w) = 34*w - 25. Let h(i) = 2*i - 9. Let n(r) = -2*h(r) + q(r). List the prime factors of n(f).
11, 13
Let q = -12 + 21. Suppose -15 = -12*t + q*t. List the prime factors of 8/t*130/4.
2, 13
Let f = -402 + 415. Let z(r) = 19*r + 49. What are the prime factors of z(f)?
2, 37
Let w(i) = i**3 - 8*i**2 - 10*i + 10. Let m be w(6). Let o = m + 122. Suppose o = 13*l - 1189 - 1151. List the prime factors of l.
2, 3, 5
What are the prime factors of ((953673/(-14))/1)/(3/(-2)) + 6?
11, 4129
Let c(v) = -3*v**3 + 177*v**2 - 49*v - 149. What are the prime factors of c(53)?
2, 43, 139
What are the prime factors of 1435 + 5 + -13 + 14?
11, 131
Let u be ((-2)/(-3))/(3/(-54)). Let v be (u/(-15))/(5*(-2)/(-25)). Suppose 5*n + 515 = 5*q, -q = v*q + 5*n - 301. What are the prime factors of q?
2, 3, 17
Let o(n) = -818*n**3 + 25*n**2 + 2*n + 2. What are the prime factors of o(-2)?
2, 3, 41
Suppose -54*i = -18*i - 490860. List the prime factors of i.
3, 5, 101
Let m(a) = -14*a**3 + 2*a**2 - 69*a - 387. List the prime factors of m(-6).
3, 347
Let j(f) = -f**3 - 2*f**2 - f - 2. Let s be j(-2). Let n(l) = 0*l + 0*l - 6 - l + s*l. List the prime factors of n(-11).
5
Let i be ((-62)/8 - -7)*-1*20. What are the prime factors of -1*31*(4 - i)?
11, 31
Let u(t) = 21*t + 1. Let n(q) = -q + 1. Let d(x) = -6*n(x) + u(x). Suppose f - 14 = -3*v, -18 = -5*v - f + 2. What are the prime factors of d(v)?
2, 19
Let o(r) = 1. Let u(i) = -2 - 2 - 2 + 17*i + 5. Let t(f) = -3*o(f) - u(f). List the prime factors of t(-1).
3, 5
List the prime factors of ((-345)/92)/((-6)/11056).
2, 5, 691
Suppose 1434 = 5*i + 3*t - 140, 0 = -3*i + 4*t + 927. Let l = -225 + i. List the prime factors of l.
2, 11
Let c be 231/14*-12*(-6)/2. What are the prime factors of 516252/c - 2/18?
11, 79
Let g(p) = 1145*p**2 + 11*p + 42. What are the prime factors of g(-3)?
2, 3, 191
Suppose -8*w + 7*w - 184 = -4*z, -3*w - 82 = -2*z. What are the prime factors of z?
47
Let x(f) = -4*f**2 - f**2 + f**2 + 3*f**2 - f + 2. Let w be x(-2). Suppose l + w*l = 36. List the prime factors of l.
2, 3
List the prime factors of (4124/16)/(17/952).
2, 7, 1031
Suppose -3*v - 8*d = -7*d - 483, d - 643 = -4*v. Suppose -y = -v - 543. List the prime factors of y.
19, 37
Let l(o) be the first derivative of o**3/3 + o**2/2 - 54*o + 60. What are the prime factors of l(15)?
2, 3, 31
Suppose -25*v = -29*v + 5*o + 53522, -5*o + 10 = 0. What are the prime factors of v?
3, 1487
Let i = 21383 - 9313. What are the prime factors of i?
2, 5, 17, 71
Let y be -3*9/((-108)/16). Suppose n = -n + y. Suppose 5*d + 165 = 5*r, -n*r + 3 = -d - 66. What are the prime factors of r?
2, 3
Let k be -5*(2 - 368/20). Let h = 127 - k. Let r = h + -35. What are the prime factors of r?
2, 5
Let a(c) = 530*c + 36. Let y(i) = 1060*i + 70. Let m(u) = -11*a(u) + 6*y(u). List the prime factors of m(1).
2, 277
Let j(m) = 12*m**3 - 76*m**2 + 274*m - 21. Let r(u) = 5*u**3 - 38*u**2 + 137*u - 10. Let o(x) = -2*j(x) + 5*r(x). List the prime factors of o(35).
2, 139
Suppose -5*m + g + 18955 = 0, -48*m - 2*g = -51*m + 11366. List the prime factors of m.
2, 3, 79
Let v(p) = 29*p - 1. Let w(n) = -57*n + 2. Let d(m) = -10*v(m) - 6*w(m). Let a be d(-1). Let h = 94 + a. What are the prime factors of h?
2, 5
Suppose -6*j = -325310 + 77378. List the prime factors of j.
2, 3, 71, 97
Let n = -38733 - -94443. What are the prime factors of n?
2, 3, 5, 619
List the prime factors of (30/(-8))/(12/16) - (-1 + -228).
2, 7
Let r be 7*54/105*5 + -4. Suppose -2*p = -274 - r. List the prime factors of p.
2, 3
Let k(h) = -h**3 - 22*h**2 - 59*h + 55. List the prime factors of k(-27).
67, 79
List the prime factors of (-621900)/(-22) + 1 - (-2480)/(-13640).
3, 349
Let l(b) = -1579*b + 2